s the thousands digit of 106660?
6
What is the ten thousands digit of 54997?
5
What is the millions digit of 11213394?
1
What is the hundred thousands digit of 1545352?
5
What is the tens digit of 191490?
9
What is the millions digit of 25117528?
5
What is the ten millions digit of 10304643?
1
What is the millions digit of 6263361?
6
What is the units digit of 223241?
1
What is the hundreds digit of 12283?
2
What is the units digit of 1472135?
5
What is the ten thousands digit of 2019502?
1
What is the thousands digit of 56676?
6
What is the millions digit of 3327682?
3
What is the tens digit of 553660?
6
What is the millions digit of 2759143?
2
What is the hundreds digit of 64739?
7
What is the hundreds digit of 2519865?
8
What is the thousands digit of 2872971?
2
What is the thousands digit of 2027322?
7
What is the units digit of 6676?
6
What is the ten millions digit of 27114423?
2
What is the ten thousands digit of 8490710?
9
What is the ten thousands digit of 130888?
3
What is the tens digit of 365996?
9
What is the units digit of 529589?
9
What is the ten thousands digit of 465031?
6
What is the ten thousands digit of 699045?
9
What is the hundreds digit of 168116?
1
What is the tens digit of 20955074?
7
What is the hundred thousands digit of 838007?
8
What is the units digit of 137313?
3
What is the tens digit of 3390534?
3
What is the hundreds digit of 132014?
0
What is the ten thousands digit of 7259809?
5
What is the millions digit of 6828101?
6
What is the hundreds digit of 8779517?
5
What is the hundred thousands digit of 4686759?
6
What is the thousands digit of 95181?
5
What is the units digit of 689899?
9
What is the units digit of 17175648?
8
What is the thousands digit of 217928?
7
What is the hundreds digit of 2422288?
2
What is the ten thousands digit of 4161463?
6
What is the units digit of 669?
9
What is the tens digit of 69086?
8
What is the hundred thousands digit of 296065?
2
What is the hundred thousands digit of 930076?
9
What is the units digit of 155014?
4
What is the ten thousands digit of 21737487?
3
What is the thousands digit of 28262974?
2
What is the hundreds digit of 8217101?
1
What is the ten thousands digit of 811588?
1
What is the hundred thousands digit of 1522716?
5
What is the hundred thousands digit of 783379?
7
What is the tens digit of 3662646?
4
What is the tens digit of 3329123?
2
What is the ten thousands digit of 3173347?
7
What is the tens digit of 32668?
6
What is the ten thousands digit of 981799?
8
What is the tens digit of 146727?
2
What is the units digit of 265998?
8
What is the tens digit of 9688466?
6
What is the units digit of 441505?
5
What is the hundreds digit of 336842?
8
What is the tens digit of 363728?
2
What is the millions digit of 5363775?
5
What is the tens digit of 202560?
6
What is the hundred thousands digit of 973429?
9
What is the thousands digit of 77490?
7
What is the units digit of 590083?
3
What is the thousands digit of 82079?
2
What is the tens digit of 9155678?
7
What is the ten thousands digit of 271045?
7
What is the millions digit of 25204922?
5
What is the tens digit of 520288?
8
What is the hundred thousands digit of 280347?
2
What is the tens digit of 630452?
5
What is the thousands digit of 3386030?
6
What is the units digit of 494991?
1
What is the tens digit of 4412257?
5
What is the hundreds digit of 342778?
7
What is the units digit of 602713?
3
What is the ten millions digit of 34133172?
3
What is the ten thousands digit of 2624230?
2
What is the thousands digit of 336976?
6
What is the hundreds digit of 883623?
6
What is the tens digit of 242850?
5
What is the thousands digit of 454446?
4
What is the units digit of 181071?
1
What is the ten thousands digit of 1156408?
5
What is the hundred thousands digit of 32071998?
0
What is the thousands digit of 424491?
4
What is the units digit of 410918?
8
What is the hundreds digit of 7361977?
9
What is the thousands digit of 3542230?
2
What is the millions digit of 13178444?
3
What is the tens digit of 4443452?
5
What is the hundreds digit of 104629?
6
What is the thousands digit of 103603?
3
What is the hundreds digit of 40713381?
3
What is the tens digit of 5104243?
4
What is the tens digit of 16574756?
5
What is the units digit of 22819?
9
What is the tens digit of 199605?
0
What is the tens digit of 273024?
2
What is the millions digit of 2212557?
2
What is the ten thousands digit of 273581?
7
What is the hundred thousands digit of 3510333?
5
What is the tens digit of 110381?
8
What is the millions digit of 2371780?
2
What is the hundreds digit of 1354273?
2
What is the millions digit of 1110024?
1
What is the ten thousands digit of 191733?
9
What is the thousands digit of 4076327?
6
What is the hundreds digit of 5107753?
7
What is the tens digit of 20799?
9
What is the hundred thousands digit of 1996739?
9
What is the hundred thousands digit of 1416727?
4
What is the millions digit of 3359205?
3
What is the ten thousands digit of 450226?
5
What is the hundreds digit of 3518328?
3
What is the hundreds digit of 376017?
0
What is the ten thousands digit of 402765?
0
What is the units digit of 106166?
6
What is the units digit of 98669?
9
What is the hundred thousands digit of 13288722?
2
What is the hundred thousands digit of 181952?
1
What is the tens digit of 176713?
1
What is the thousands digit of 5351731?
1
What is the thousands digit of 2921779?
1
What is the ten thousands digit of 523144?
2
What is the hundred thousands digit of 171159?
1
What is the thousands digit of 2820956?
0
What is the thousands digit of 170302?
0
What is the hundreds digit of 30055220?
2
What is the hundred thousands digit of 5730246?
7
What is the hundreds digit of 685986?
9
What is the hundreds digit of 4157135?
1
What is the thousands digit of 14591376?
1
What is the ten thousands digit of 17794193?
9
What is the hundreds digit of 21215739?
7
What is the thousands digit of 1519836?
9
What is the ten thousands digit of 6313841?
1
What is the hundred thousands digit of 30376836?
3
What is the units digit of 4340437?
7
What is the hundred thousands digit of 11160680?
1
What is the tens digit of 35601?
0
What is the tens digit of 3019157?
5
What is the hundred thousands digit of 394114?
3
What is the hundreds digit of 139622?
6
What is the ten thousands digit of 191217?
9
What is the ten thousands digit of 28466514?
6
What is the millions digit of 5489563?
5
What is the units digit of 4596495?
5
What is the tens digit of 309534?
3
What is the hundreds digit of 38912?
9
What is the thousands digit of 89242?
9
What is the ten thousands digit of 87878?
8
What is the hundreds digit of 84158?
1
What is the thousands digit of 171089?
1
What is the ten thousands digit of 5505347?
0
What is the ten thousands digit of 3183415?
8
What is the tens digit of 43342265?
6
What is the tens digit of 282862?
6
What is the hundreds digit of 3967833?
8
What is the thousands digit of 510130?
0
What is the units digit of 1807424?
4
What is the tens digit of 1034605?
0
What is the hundred thousands digit of 322215?
3
What is the units digit of 164893?
3
What is the hundreds digit of 2612491?
4
What is the tens digit of 2640956?
5
What is the units digit of 5238281?
1
What is the ten thousands digit of 268232?
6
What is the units digit of 6197262?
2
What is the thousands digit of 16672374?
2
What is the units digit of 367805?
5
What is the ten thousands digit of 8482531?
8
What is the ten thousands digit of 30041?
3
What is the ten thousands digit of 1354003?
5
What is the units digit of 142069?
9
What is the units digit of 607023?
3
What is the thousands digit of 8792184?
2
What is the units digit of 210333?
3
What is the units digit of 711748?
8
What is the thousands digit of 3258004?
8
What is the millions digit of 4021601?
4
What is the units digit of 6339248?
8
What is the tens digit of 320874?
7
What is the hundreds digit of 9931436?
4
What is the tens digit of 3970?
7
What is the tens digit of 475887?
8
What is the ten thousands digit of 4327395?
2
What is the thousands digit of 15373741?
3
What is the units digit of 31756?
6
What is the hundreds digit of 8375069?
0
What is the tens digit of 171598?
9
What is the units digit of 242569?
9
